+ 480)/o.
2, 31
Suppose -81*g - 488 = -73*g. Suppose -3*c + 134 = p, c + 240 = 5*p - 430. Let v = p + g. List the prime factors of v.
73
Let l = -48412 - -78944. List the prime factors of l.
2, 17, 449
Let d = 467 + -159. Suppose -5778 = -d*g + 299*g. What are the prime factors of g?
2, 3, 107
Suppose -g + 3*d - 11 - 1 = 0, -5*g - 45 = -10*d. Let c(p) = 112*p**2 + 8*p + 13. List the prime factors of c(g).
997
What are the prime factors of (1 - (-4)/(-5) - 48760/(-200))*236?
2, 59, 61
Let f(z) = -z**3 + 7*z. Let r be f(0). Suppose r = -c + 213 + 16. List the prime factors of c.
229
Let u(t) = -137*t + 12. Let p be u(-3). Suppose -34*m = -31*m - p. What are the prime factors of m?
3, 47
Let y = 353 - 351. Suppose 4*l - 1843 = -3*v, y*v = 2*l + 527 + 697. List the prime factors of v.
613
Let v(t) = -9602*t**3 + 2*t**2 + 7*t + 10. List the prime factors of v(-2).
2, 5, 23, 167
Let y = 328 - 321. Suppose w = 4, y*q = 12*q - 3*w - 1848. What are the prime factors of q?
2, 3, 31
Let p be (12 - 24)*(12/(-9) - -2). What are the prime factors of ((-38)/(-16)*-30)/(1/p)?
2, 3, 5, 19
Let s be 0/(-5) + (-10)/(-15)*15. What are the prime factors of 1938/2 - (1 - -5 - s)?
7, 139
Let g = -99 - -103. Suppose -3*q + g*z = -83, 7 + 21 = q - z. Let r = q - -47. List the prime factors of r.
2, 19
Let k(q) = -106*q**3 - q**2 - q + 114. List the prime factors of k(-8).
2, 3, 5, 1811
Let x(b) = 5*b**2 + 6*b + 36. Let o(p) be the third derivative of -7*p**5/60 - p**4/6 - p**3/6 - 24*p**2. Let f be o(-1). List the prime factors of x(f).
2, 23
Suppose -3*c - 2 = -c, 5*x + 38 = 2*c. Let w be (-10461)/x - (-15)/40. Suppose -s + 4*y + 299 - 26 = 0, -w = -5*s + y. What are the prime factors of s?
3, 29
Let j(b) = 1 - 2 - 54*b + 19*b**2 + 69*b. List the prime factors of j(-4).
3
Let q(c) = -79*c**3 - 12*c**2 - 9*c + 1. What are the prime factors of q(-3)?
2053
Suppose -159752 = -5*y + 8*w, -w = 4*w - 30. List the prime factors of y.
2, 5, 17, 47
Let u(s) = 9*s**2 + 307*s + 113. List the prime factors of u(-57).
5, 2371
Let g(c) = c**3 - 19*c**2 + 16*c + 43. Let o be g(18). Let r be (6 + -5)/(1/o). Suppose k + r - 12 = 0. What are the prime factors of k?
5
Let z = 121 - 884. Let c = z - -1299. List the prime factors of c.
2, 67
Let t(k) be the second derivative of k**3/2 + 23*k**2/2 - 13*k. Let s be t(-7). Suppose 3*m - 26 = s*m + 4*j, -82 = -5*m + 4*j. List the prime factors of m.
2, 7
Let y(u) = -75*u**3 + 12*u + 4*u**2 - 129 - 13*u + 123 - u**2. List the prime factors of y(-2).
2, 19
Suppose -7*t - 6*t - 767 = 0. Let h = 315 - t. List the prime factors of h.
2, 11, 17
Suppose 0 = 9*v - 3*v + 552. Let s = -34 - v. Let f = s + 34. List the prime factors of f.
2, 23
Suppose -4*i = -9 + 13, -i + 11247 = c. List the prime factors of c.
2, 19, 37
Let p be 3572/10 - 9/45. Let r be 1 - 0 - p/(-3). List the prime factors of r/96 + (-859)/(-4).
2, 3
Suppose -h = -2*r + 12903, 32*r - 33*r + 3*h = -6454. What are the prime factors of r?
6451
Let w(h) = -10*h - 52. Let v be w(-6). Let t be (-1 - 2) + v/(-4). Let l = 132 + t. What are the prime factors of l?
127
Suppose -5*k + 14280 = 3*x + x, 5*k = -7*x + 14295. What are the prime factors of k?
2, 23, 31
Let h(y) = 190*y + 520. Let t be h(-3). Suppose -4*m = -0*m + 348. Let q = t - m. List the prime factors of q.
37
Let q(s) = -s**3 + 7*s**2 - 3*s + 6. Let b be q(6). Suppose 0 = -4*t - 4 + b. Suppose 29 + 12 = t*y - 2*a, 4*a = -y + 17. List the prime factors of y.
3
Suppose -4*r = -5*g + 90 + 1378, -2*g = 0. Let t = 458 + r. List the prime factors of t.
7, 13
Let x(n) = -7*n**2 + 62*n - 98. Let j be x(7). Let m(s) = 14 - 11*s**2 - 4*s**3 + s**3 + s**3 - 4*s. What are the prime factors of m(j)?
3, 7
What are the prime factors of ((-6)/(-12))/(4/50016)?
2, 3, 521
What are the prime factors of 10/(-4)*(-512246)/245?
5227
Let x = -41 + 46. Suppose 0*a - a = -3*l + 7, 33 = x*a + 2*l. What are the prime factors of (-1)/a + (-3344)/(-20)?
167
Let h(n) = 1056*n + 9. Let j be h(1). Let w = j - 804. List the prime factors of w.
3, 29
Let l(j) = 18*j**2 + j - 2. Let y(a) = -a**2 + a - 1. Suppose 4*w + 2*q = -16, -2*w - 3*q = -3*w - 4. Let c(f) = w*y(f) + l(f). List the prime factors of c(1).
3, 7
Suppose 10*i - 2*i + 16 = 0. Let m(k) = 79*k**2 + 4*k + 4. Let l be m(i). Suppose 255 = 4*z + 3*p, 5*z = -0*z + 3*p + l. List the prime factors of z.
3, 7
Suppose 0 = -11*l + 3*l + 112. Suppose -l*w = -3*w - 22. Suppose 3*s - 306 = 2*n, -w*s = 3*s + 3*n - 529. List the prime factors of s.
2, 13
Let f = -40053 - -120280. What are the prime factors of f?
7, 73, 157
Let i be 48/26 - (-11)/((-1144)/(-16)). Let s(o) = 74*o**2 + 282*o**3 + o - 76*o**i - 28*o**3. List the prime factors of s(1).
11, 23
Suppose 5*l - 95111 = -3*u, 0 = 4*l - 5*u - 85615 + 9541. Suppose 0 = -49*p + 95510 - l. What are the prime factors of p?
7, 223
Let g be 4495 + (0 + -2)*1. Suppose -3499 - g = -18*n. What are the prime factors of n?
2, 3, 37
Suppose -3*c + 67866 + 12564 = -3*i, 3*c + 3*i - 80436 = 0. Suppose -c = -43*s + 24402. List the prime factors of s.
3, 397
Let g be 144 + (0 - -2)*-2. Suppose 4*a - g = -32. Suppose 3*t + 3*k = 51, 5*t - a = 2*k + 86. List the prime factors of t.
3, 7
Suppose -z + 5*u = 11, -4*z + 32 = u - 2*u. Suppose q + z = 5, -3*b + 446 = q. What are the prime factors of b?
2, 3, 5
Suppose 37*h = 10*h - 4995. Let q = h + 388. List the prime factors of q.
7, 29
Let s be 1735/6 - (-6)/(-36). Let b = s - 49. What are the prime factors of b?
2, 3, 5
Let b = -26 - -27. Let j(r) = -1 - 2*r**3 + 0*r**2 - b + 6*r**2 + 3*r - 3. What are the prime factors of j(-3)?
2, 47
Let b(l) = 49*l**3 + 4*l - 4. Let z be 1/(-4)*(-23)/(253/44). What are the prime factors of b(z)?
7
Let o(x) = -x - 5 - 7 + 4*x + 18. Let i be o(-1). Suppose -2*g + 88 = c - i*c, 4*c = -3*g + 104. List the prime factors of g.
2, 5
Suppose -670910 = 73*j - 1987538. List the prime factors of j.
2, 3, 167
Suppose 3*l = x - 4, l + 5*x = -4*l + 20. Suppose l = -5*h + 1320 + 60. Suppose -4*f = -4*y + h, -3*y = 2*f - 6*f - 206. What are the prime factors of y?
2, 5, 7
Let r be (-204)/96 + (-2)/(-16). What are the prime factors of ((-797)/r)/(9/18)?
797
Let u(r) = -309*r - 26. Let i(s) = -208*s - 15. Let a(m) = 417*m + 29. Let p(k) = 2*a(k) + 5*i(k). Let j(g) = -7*p(g) + 5*u(g). List the prime factors of j(-2).
3, 5, 13
List the prime factors of (-6 - -3 - -2)*23315/(-5).
4663
What are the prime factors of ((-3)/18 - (-13)/6) + (-571116)/(-13)?
2, 11, 1997
Suppose 1381 = u - m + 502, -5*m - 1767 = -2*u. Let v = u + -155. What are the prime factors of v?
7, 103
Let d be -5 - (6 + -11 - 6). Suppose -2904 = -d*w - 360. What are the prime factors of w?
2, 53
Let g(l) = 2*l**3 - 2*l**2 + 2*l + 12739. List the prime factors of g(0).
12739
Suppose 0 = 9*m + 22 + 68. Let q(x) = -48*x + 207. What are the prime factors of q(m)?
3, 229
Suppose 2*k + 4*o - 41766 = 16660, 4*o = 8. List the prime factors of k.
29209
Suppose 2*o = 6, -10*v + 32*o + 80295 = 37*o. List the prime factors of v.
2, 3, 223
Suppose -3*v + 5*v + 10 = 0, -2*o + 152 = -4*v. Let g = 70 - o. Suppose -g*s + 135 = 5*s. List the prime factors of s.
3, 5
Let f(a) = a**3 + 7*a**2 + 11*a + 28631. What are the prime factors of f(0)?
28631
Let g be (153/(-27))/((-3)/9) + -1. Let z(a) = -a**2 - 8*a + 8. Let d be z(-6). Suppose g*f - d*f + 96 = 0. List the prime factors of f.
2, 3
Suppose -2*f - 72 + 76 = 0. Suppose f*j - 1396 - 414 = 0. List the prime factors of j.
5, 181
Suppose -3*r + 102 = 150. Let a be (1 - (-8)/r)/(2/8). Suppose 1016 = 5*u + i, -a*u + 5*i - 179 = -580. What are the prime factors of u?
7, 29
Suppose f = -5*v + 3065, -3173 - 5990 = -3*f + v. Let o = f + -1929. What are the prime factors of o?
2, 563
Let b(t) = t**2 + 25 + 0*t + 3*t + 6 - t. List the prime factors of b(7).
2, 47
Let q(o) = 9*o**2 + 1. Let f be q(1). Let b(h) = -30 - 5*h + 1 - h**2 - f*h + 32*h. What are the prime factors of b(12)?
31
Let r(k) = 1046*k**2 + 22*k + 47. What are the prime factors of r(-2)?
53, 79
Let t(p) = p**2 + 32*p - 846. List the prime factors of t(38).
2, 907
Let x(b) = 9*b - 60. Let s be x(13). Let l = s - -214. What are the prime factors of l?
271
Let k(u) = -17*u - 34 - 30*u + 72*u. Let d be k(10). Suppose -5*o = 2*l + 93 - 456, -3*l = 3*o - d.